{"id":4446,"date":"2022-02-22T21:33:03","date_gmt":"2022-02-22T21:33:03","guid":{"rendered":"https:\/\/www.xuq.es\/grupo_de_alojamiento_turistico\/?page_id=4446"},"modified":"2026-01-30T10:17:50","modified_gmt":"2026-01-30T10:17:50","slug":"faq-preguntas-frecuentes","status":"publish","type":"page","link":"https:\/\/www.xuq.es\/grupo_de_alojamiento_turistico\/faq-preguntas-frecuentes\/","title":{"rendered":"FAQ &#8211; PREGUNTAS FRECUENTES"},"content":{"rendered":"\t<div id=\"gap-1050952598\" class=\"gap-element clearfix\" style=\"display:block; height:auto;\">\n\t\t\n<style>\n#gap-1050952598 {\n  padding-top: 66px;\n}\n<\/style>\n\t<\/div>\n\t\n<div class=\"row\"  id=\"row-256245822\">\n\n\t<div id=\"col-721594323\" class=\"col small-12 large-12\"  >\n\t\t\t\t<div class=\"col-inner\"  >\n\t\t\t\n\t\t\t\n<h1 style=\"text-align: center;\"><strong>FAQ &#8211; PREGUNTAS Y RESPUESTAS<\/strong><\/h1>\n<p>&nbsp;<\/p>\n<h2><strong>Reservas y Planificaci\u00f3n<\/strong><\/h2>\n<div class=\"accordion\">\n\t<div id=\"accordion-658279851\" class=\"accordion-item\">\n\t\t<a id=\"accordion-658279851-label\" class=\"accordion-title plain\" href=\"#accordion-item-\u00bfc\u00f3mo-reservo-mi-escapada?\" aria-expanded=\"false\" aria-controls=\"accordion-658279851-content\" >\n\t\t\t<button class=\"toggle\" aria-label=\"Toggle\"><i class=\"icon-angle-down\"><\/i><\/button>\n\t\t\t<span>\u00bfC\u00f3mo reservo mi escapada?<\/span>\n\t\t<\/a>\n\t\t<div id=\"accordion-658279851-content\" class=\"accordion-inner\" aria-labelledby=\"accordion-658279851-label\" >\n\t\t\t\n<p>\u00a1Es s\u00faper f\u00e1cil! Solo tienes que seguir estos pasos para empezar a disfrutar de la experiencia <strong>XUQ<\/strong>:<\/p>\n<ol>\n<li><strong>Explora nuestra colecci\u00f3n:<\/strong> Dir\u00edgete al men\u00fa de inicio para descubrir nuestros dos <strong>Caves Resorts<\/strong>: el m\u00edstico <strong>XUQ LOMAS DE RUVIRA<\/strong> y el envolvente <strong>XUQ AL-AXARA<\/strong>. Si vienes en grupo, no te pierdas nuestra villa de gran ocupaci\u00f3n, <strong>THE HAMLET<\/strong>.<\/li>\n<li><strong>Consulta el calendario:<\/strong> Dentro de la estancia que elijas, ver\u00e1s un calendario asignado. Elige tus fechas y nuestro motor te mostrar\u00e1 al instante la disponibilidad y el precio.<\/li>\n<li><strong>Elige tu tarifa:<\/strong>\n<ul>\n<li><strong>Tarifa Reembolsable:<\/strong> Para los que buscan total flexibilidad.<\/li>\n<li><strong>Tarifa NO Reembolsable:<\/strong> La opci\u00f3n ideal si buscas el mejor precio.<\/li>\n<\/ul>\n<\/li>\n<li><strong>Reserva y confirma:<\/strong> Haz clic en reservar, rellena tus datos y selecciona tu forma de pago. \u00a1Y listo! Recibir\u00e1s un email de confirmaci\u00f3n de inmediato.<\/li>\n<\/ol>\n\t\t<\/div>\n\t<\/div>\n\t\n\t<div id=\"accordion-1051791743\" class=\"accordion-item\">\n\t\t<a id=\"accordion-1051791743-label\" class=\"accordion-title plain\" href=\"#accordion-item-\u00bfes-recomendable-reservar-con-antelaci\u00f3n?-strong\u23f1\ufe0f\/strong\" aria-expanded=\"false\" aria-controls=\"accordion-1051791743-content\" >\n\t\t\t<button class=\"toggle\" aria-label=\"Toggle\"><i class=\"icon-angle-down\"><\/i><\/button>\n\t\t\t<span>\u00bfEs recomendable reservar con antelaci\u00f3n? <strong>\u23f1\ufe0f<\/strong><\/span>\n\t\t<\/a>\n\t\t<div id=\"accordion-1051791743-content\" class=\"accordion-inner\" aria-labelledby=\"accordion-1051791743-label\" >\n\t\t\t\n<p>\u00a1Totalmente! Debido a la alta demanda de nuestras estancias (especialmente si buscas escaparte en fin de semana), te recomendamos reservar con al menos <strong>2 meses de antelaci\u00f3n<\/strong>. Nuestras suites son \u00fanicas y vuelan, as\u00ed que si ya tienes un flechazo con alguna, \u00a1aseg\u00farate de que sea tuya antes que nadie!<\/p>\n\t\t<\/div>\n\t<\/div>\n\t\n\t<div id=\"accordion-981834868\" class=\"accordion-item\">\n\t\t<a id=\"accordion-981834868-label\" class=\"accordion-title plain\" href=\"#accordion-item-\u00bfse-puede-cancelar-una-reserva-una-vez-realizada?\" aria-expanded=\"false\" aria-controls=\"accordion-981834868-content\" >\n\t\t\t<button class=\"toggle\" aria-label=\"Toggle\"><i class=\"icon-angle-down\"><\/i><\/button>\n\t\t\t<span>\u00bfSe puede cancelar una reserva una vez realizada?<\/span>\n\t\t<\/a>\n\t\t<div id=\"accordion-981834868-content\" class=\"accordion-inner\" aria-labelledby=\"accordion-981834868-label\" >\n\t\t\t\n<p>En <strong>XUQ<\/strong> no disponemos de pol\u00edtica de cancelaci\u00f3n, pero te ofrecemos dos opciones para que elijas la que mejor se adapte a tu plan:<\/p>\n<ul>\n<li><strong>Tarifa Est\u00e1ndar (M\u00e1xima flexibilidad):<\/strong>\n<ul>\n<li><strong>Pago c\u00f3modo:<\/strong> Abonas el 50% al reservar y el 50% restante al llegar a recepci\u00f3n.<\/li>\n<li><strong>Cambio de planes:<\/strong> Si te surge algo, puedes modificar la fecha de tu estancia hasta 7 d\u00edas antes de tu llegada (se permite un m\u00e1ximo de un cambio por reserva).<\/li>\n<\/ul>\n<\/li>\n<li><strong>Tarifa NO Reembolsable (El mejor precio):<\/strong>\n<ul>\n<li><strong>Ahorro:<\/strong> Te beneficias de un precio m\u00e1s econ\u00f3mico.<\/li>\n<li><strong>Compromiso:<\/strong> Se abona el 100% al reservar y no permite cambios de fecha ni modificaciones bajo ning\u00fan concepto.<\/li>\n<\/ul>\n<\/li>\n<\/ul>\n<p style=\"padding-left: 40px;\"><strong>Nota:<\/strong> Con ninguna de las dos tarifas es posible la cancelaci\u00f3n de la reserva. \u00a1Te recomendamos elegir con mimo!<\/p>\n\t\t<\/div>\n\t<\/div>\n\t\n<p>&nbsp;<\/p>\n<h2><strong>La Experiencia en nuestras Suites y Villas<\/strong><\/h2>\n\t<div id=\"accordion-3258898428\" class=\"accordion-item\">\n\t\t<a id=\"accordion-3258898428-label\" class=\"accordion-title plain\" href=\"#accordion-item-\u00bfqu\u00e9-diferencias-hay-entre-una-suite-y-una-villa?-strong\u2728\/strong\" aria-expanded=\"false\" aria-controls=\"accordion-3258898428-content\" >\n\t\t\t<button class=\"toggle\" aria-label=\"Toggle\"><i class=\"icon-angle-down\"><\/i><\/button>\n\t\t\t<span>\u00bfQu\u00e9 diferencias hay entre una Suite y una Villa? <strong>\u2728<\/strong><\/span>\n\t\t<\/a>\n\t\t<div id=\"accordion-3258898428-content\" class=\"accordion-inner\" aria-labelledby=\"accordion-3258898428-label\" >\n\t\t\t\n<p>Aunque ambas opciones son puro lujo, la diferencia principal est\u00e1 en el espacio y las amenidades extra:<\/p>\n<ul>\n<li><strong>Nuestras Suites:<\/strong> Espacios \u00edntimos y llenos de encanto, perfectos para una escapada inolvidable.<\/li>\n<li><strong>Nuestras Villas:<\/strong> Son nuestra <strong>joya de la corona<\/strong>. Se caracterizan por ser mucho m\u00e1s amplias (\u00a1contamos con villas de hasta 120 m\u00b2!). Adem\u00e1s del espacio, el gran salto est\u00e1 en el exterior: las villas cuentan tanto con <strong>jacuzzi privado climatizado<\/strong> como con <strong>piscina privada<\/strong>. Si buscas amplitud total y un chapuz\u00f3n en la m\u00e1s absoluta intimidad, la Villa es tu elecci\u00f3n.<\/li>\n<\/ul>\n\t\t<\/div>\n\t<\/div>\n\t\n\t<div id=\"accordion-2726922533\" class=\"accordion-item\">\n\t\t<a id=\"accordion-2726922533-label\" class=\"accordion-title plain\" href=\"#accordion-item-\u00bflos-jacuzzis-son-privados?\" aria-expanded=\"false\" aria-controls=\"accordion-2726922533-content\" >\n\t\t\t<button class=\"toggle\" aria-label=\"Toggle\"><i class=\"icon-angle-down\"><\/i><\/button>\n\t\t\t<span>\u00bfLos jacuzzis son privados?<\/span>\n\t\t<\/a>\n\t\t<div id=\"accordion-2726922533-content\" class=\"accordion-inner\" aria-labelledby=\"accordion-2726922533-label\" >\n\t\t\t\n<p>\u00a1Totalmente! La privacidad es una de nuestras se\u00f1as de identidad. Todas nuestras suites de <strong>XUQ LOMAS DE RUVIRA<\/strong> y <strong>XUQ AL-AXARA<\/strong> (a excepci\u00f3n de nuestra suite <strong>THA<\/strong>) cuentan con su propio <strong>jacuzzi privado climatizado<\/strong> integrado dentro de la propia estancia. Es vuestro rinc\u00f3n personal de relax, dise\u00f1ado para disfrutar sin prisas.<\/p>\n\t\t<\/div>\n\t<\/div>\n\t\n\t<div id=\"accordion-3479750681\" class=\"accordion-item\">\n\t\t<a id=\"accordion-3479750681-label\" class=\"accordion-title plain\" href=\"#accordion-item-\u00bftodas-las-suites-cuentan-con-piscina-privada?-\" aria-expanded=\"false\" aria-controls=\"accordion-3479750681-content\" >\n\t\t\t<button class=\"toggle\" aria-label=\"Toggle\"><i class=\"icon-angle-down\"><\/i><\/button>\n\t\t\t<span>\u00bfTodas las suites cuentan con piscina privada? <\/span>\n\t\t<\/a>\n\t\t<div id=\"accordion-3479750681-content\" class=\"accordion-inner\" aria-labelledby=\"accordion-3479750681-label\" >\n\t\t\t\n<p>No todas, pero s\u00ed nuestras estancias m\u00e1s exclusivas. Si buscas un ba\u00f1o en total privacidad, nuestras suites con piscina privada son: <strong>KAVERNO, PIACORY, GROTTA, THA, JASKYNE y BAKO<\/strong>. \u00a1Pero no os preocup\u00e9is! Elijas la suite que elijas, el agua siempre est\u00e1 cerca gracias a nuestras piscinas comunes.<\/p>\n\t\t<\/div>\n\t<\/div>\n\t\n\t<div id=\"accordion-843267414\" class=\"accordion-item\">\n\t\t<a id=\"accordion-843267414-label\" class=\"accordion-title plain\" href=\"#accordion-item-\u00bfhay-piscina-com\u00fan-en-los-complejos?\" aria-expanded=\"false\" aria-controls=\"accordion-843267414-content\" >\n\t\t\t<button class=\"toggle\" aria-label=\"Toggle\"><i class=\"icon-angle-down\"><\/i><\/button>\n\t\t\t<span>\u00bfHay piscina com\u00fan en los complejos?<\/span>\n\t\t<\/a>\n\t\t<div id=\"accordion-843267414-content\" class=\"accordion-inner\" aria-labelledby=\"accordion-843267414-label\" >\n\t\t\t\n<p>\u00a1Por supuesto! El agua es parte del alma de <strong>XUQ<\/strong>:<\/p>\n<ul>\n<li><strong>En XUQ LOMAS DE RUVIRA:<\/strong> Tienes acceso a nuestra <em>Infinity Pool<\/em>, a la piscina balinesa y a nuestra piscina natural entre nen\u00fafares. Adem\u00e1s, podr\u00e1s disfrutar de nuestro <strong>Landscape Club<\/strong>, con zona de playa privada a los pies del r\u00edo J\u00facar.<\/li>\n<li><strong>En XUQ AL-AXARA:<\/strong> Cont\u00e1is con 3 piscinas de exterior y acceso a <strong>Le Jardin Secret<\/strong>, nuestro rinc\u00f3n m\u00e1s especial y salvaje a la orilla del r\u00edo.<\/li>\n<li><strong>En THE HAMLET:<\/strong> La exclusividad es total, ya que cont\u00e1is con vuestra propia gran piscina privada con zona de jacuzzi.<\/li>\n<\/ul>\n\t\t<\/div>\n\t<\/div>\n\t\n\t<div id=\"accordion-592424505\" class=\"accordion-item\">\n\t\t<a id=\"accordion-592424505-label\" class=\"accordion-title plain\" href=\"#accordion-item-\u00bflas-piscinas-privadas-son-climatizadas?-strong\u2600\ufe0f\/strong\" aria-expanded=\"false\" aria-controls=\"accordion-592424505-content\" >\n\t\t\t<button class=\"toggle\" aria-label=\"Toggle\"><i class=\"icon-angle-down\"><\/i><\/button>\n\t\t\t<span>\u00bfLas piscinas privadas son climatizadas? <strong>\u2600\ufe0f<\/strong><\/span>\n\t\t<\/a>\n\t\t<div id=\"accordion-592424505-content\" class=\"accordion-inner\" aria-labelledby=\"accordion-592424505-label\" >\n\t\t\t\n<p>Nuestras piscinas privadas est\u00e1n operativas los 365 d\u00edas del a\u00f1o, aunque es importante que sepas que <strong>no son climatizadas<\/strong>. Gracias a nuestra ubicaci\u00f3n en valles rec\u00f3nditos, disfrutamos de un microclima fant\u00e1stico: la gran mayor\u00eda de los meses del a\u00f1o la temperatura es ideal para el ba\u00f1o.<\/p>\n\t\t<\/div>\n\t<\/div>\n\t\n\t<div id=\"accordion-2330544092\" class=\"accordion-item\">\n\t\t<a id=\"accordion-2330544092-label\" class=\"accordion-title plain\" href=\"#accordion-item-\u00bfhace-fr\u00edo-o-calor-dentro-de-las-cuevas?-\" aria-expanded=\"false\" aria-controls=\"accordion-2330544092-content\" >\n\t\t\t<button class=\"toggle\" aria-label=\"Toggle\"><i class=\"icon-angle-down\"><\/i><\/button>\n\t\t\t<span>\u00bfHace fr\u00edo o calor dentro de las cuevas? <\/span>\n\t\t<\/a>\n\t\t<div id=\"accordion-2330544092-content\" class=\"accordion-inner\" aria-labelledby=\"accordion-2330544092-label\" >\n\t\t\t\n<p>\u00a1Para nada! Existe el mito de que las cuevas son fr\u00edas, pero es lo contrario:<\/p>\n<ul>\n<li><strong>Sabidur\u00eda milenaria:<\/strong> Estas cuevas fueron habitadas por \u00cdberos, Romanos y Moriscos. \u00a1Ellos sab\u00edan d\u00f3nde hospedarse!<\/li>\n<li><strong>Temperatura Natural:<\/strong> Nuestros <strong>Caves Resorts<\/strong> son bioclim\u00e1ticos y mantienen unos <strong>18\u00b0C todo el a\u00f1o<\/strong>.<\/li>\n<li><strong>Confort Extra:<\/strong> No obstante, todas las suites est\u00e1n totalmente <strong>climatizadas<\/strong>. Las chimeneas (disponibles en algunas suites como <strong>THA, GUHA, OGOF, GROTTA, NAHR, TARIQ, JABAL, ALMUDAMIR<\/strong> y <strong>THE HAMLET<\/strong>) tienen una funci\u00f3n principalmente ambiental y decorativa.<\/li>\n<\/ul>\n\t\t<\/div>\n\t<\/div>\n\t\n<p>&nbsp;<\/p>\n<h2><strong>Servicios y Log\u00edstica<\/strong><\/h2>\n\t<div id=\"accordion-2818603339\" class=\"accordion-item\">\n\t\t<a id=\"accordion-2818603339-label\" class=\"accordion-title plain\" href=\"#accordion-item-\u00bfdispon\u00e9is-de-restaurante?-\" aria-expanded=\"false\" aria-controls=\"accordion-2818603339-content\" >\n\t\t\t<button class=\"toggle\" aria-label=\"Toggle\"><i class=\"icon-angle-down\"><\/i><\/button>\n\t\t\t<span>\u00bfDispon\u00e9is de restaurante? <\/span>\n\t\t<\/a>\n\t\t<div id=\"accordion-2818603339-content\" class=\"accordion-inner\" aria-labelledby=\"accordion-2818603339-label\" >\n\t\t\t\n<p>\u00a1Estamos en ello! Pr\u00f3ximamente abriremos nuestro propio restaurante. Mientras tanto:<\/p>\n<ul>\n<li><strong>Desayuno incluido:<\/strong> En nuestros <strong>Caves Resorts<\/strong> (<strong>Lomas de Ruvira<\/strong> y <strong>Al-Axara<\/strong>), servimos el desayuno directamente en vuestra suite.<\/li>\n<li><strong>Cocinas privadas:<\/strong> Todas las suites y villas cuentan con <strong>cocina privada completamente equipada<\/strong>.<\/li>\n<li><strong>Entorno:<\/strong> Estamos muy cerca de <strong>Alcal\u00e1 del J\u00facar<\/strong>, con m\u00faltiples opciones gastron\u00f3micas. 48h antes de tu llegada, te enviaremos un email con nuestras recomendaciones favoritas.<\/li>\n<\/ul>\n\t\t<\/div>\n\t<\/div>\n\t\n\t<div id=\"accordion-2896787654\" class=\"accordion-item\">\n\t\t<a id=\"accordion-2896787654-label\" class=\"accordion-title plain\" href=\"#accordion-item-\u00bfcu\u00e1l-es-la-hora-de-entrada-y-salida?\" aria-expanded=\"false\" aria-controls=\"accordion-2896787654-content\" >\n\t\t\t<button class=\"toggle\" aria-label=\"Toggle\"><i class=\"icon-angle-down\"><\/i><\/button>\n\t\t\t<span>\u00bfCu\u00e1l es la hora de entrada y salida?<\/span>\n\t\t<\/a>\n\t\t<div id=\"accordion-2896787654-content\" class=\"accordion-inner\" aria-labelledby=\"accordion-2896787654-label\" >\n\t\t\t\n<ul>\n<li><strong>XUQ Lomas de Ruvira y Al-Axara:<\/strong> Check-in desde las 15:00h | Check-out hasta las 11:00h.<\/li>\n<li><strong>The Hamlet:<\/strong> Check-in desde las 16:00h | Check-out hasta las 11:00h.<\/li>\n<\/ul>\n<p>Necesitamos este tiempo para limpiar y desinfectar a fondo estos espacios tan amplios y \u00fanicos. \u00a1Queremos que todo est\u00e9 perfecto!<\/p>\n\t\t<\/div>\n\t<\/div>\n\t\n\t<div id=\"accordion-1974057322\" class=\"accordion-item\">\n\t\t<a id=\"accordion-1974057322-label\" class=\"accordion-title plain\" href=\"#accordion-item-\u00bfhay-aparcamiento?\" aria-expanded=\"false\" aria-controls=\"accordion-1974057322-content\" >\n\t\t\t<button class=\"toggle\" aria-label=\"Toggle\"><i class=\"icon-angle-down\"><\/i><\/button>\n\t\t\t<span>\u00bfHay aparcamiento?<\/span>\n\t\t<\/a>\n\t\t<div id=\"accordion-1974057322-content\" class=\"accordion-inner\" aria-labelledby=\"accordion-1974057322-label\" >\n\t\t\t\n<p>\u00a1S\u00ed! Dispon\u00e9is de <strong>una plaza de aparcamiento gratuito por suite<\/strong>. No es necesario reservar; vuestro veh\u00edculo tiene su sitio asegurado.<\/p>\n\t\t<\/div>\n\t<\/div>\n\t\n\t<div id=\"accordion-3022648919\" class=\"accordion-item\">\n\t\t<a id=\"accordion-3022648919-label\" class=\"accordion-title plain\" href=\"#accordion-item-\u00bfc\u00f3mo-es-el-acceso-y-el-transporte?-\" aria-expanded=\"false\" aria-controls=\"accordion-3022648919-content\" >\n\t\t\t<button class=\"toggle\" aria-label=\"Toggle\"><i class=\"icon-angle-down\"><\/i><\/button>\n\t\t\t<span>\u00bfC\u00f3mo es el acceso y el transporte? <\/span>\n\t\t<\/a>\n\t\t<div id=\"accordion-3022648919-content\" class=\"accordion-inner\" aria-labelledby=\"accordion-3022648919-label\" >\n\t\t\t\n<ul>\n<li><strong>Acceso en coche:<\/strong> Sin problema, se llega por carretera hasta la misma puerta de los complejos.<\/li>\n<li><strong>Transporte p\u00fablico:<\/strong> No lo recomendamos, ya que estamos en plena naturaleza. Si no traes coche, puedes llegar en tren a <strong>Albacete capital<\/strong> (a 35 km) y desde all\u00ed tomar un taxi o alquilar un veh\u00edculo.<\/li>\n<li><strong>Cobertura m\u00f3vil:<\/strong> En los <strong>Caves Resorts<\/strong> hay cobertura principalmente de Movistar. No obstante, ofrecemos <strong>Wi-Fi gratuito<\/strong> en todas las suites. En <strong>THE HAMLET<\/strong>, la cobertura es total con cualquier compa\u00f1\u00eda.<\/li>\n<\/ul>\n\t\t<\/div>\n\t<\/div>\n\t\n<p>&nbsp;<\/p>\n<h2><strong>Estancia con Ni\u00f1os, Mascotas y Grupos<\/strong><\/h2>\n\t<div id=\"accordion-634694693\" class=\"accordion-item\">\n\t\t<a id=\"accordion-634694693-label\" class=\"accordion-title plain\" href=\"#accordion-item-\u00bfse-aceptan-ni\u00f1os?\" aria-expanded=\"false\" aria-controls=\"accordion-634694693-content\" >\n\t\t\t<button class=\"toggle\" aria-label=\"Toggle\"><i class=\"icon-angle-down\"><\/i><\/button>\n\t\t\t<span>\u00bfSe aceptan ni\u00f1os?<\/span>\n\t\t<\/a>\n\t\t<div id=\"accordion-634694693-content\" class=\"accordion-inner\" aria-labelledby=\"accordion-634694693-label\" >\n\t\t\t\n<ul>\n<li><strong>XUQ LOMAS DE RUVIRA y XUQ AL-AXARA:<\/strong> Son espacios <strong>Only Adults<\/strong>, enfocados al descanso absoluto.<\/li>\n<li><strong>THE HAMLET:<\/strong> \u00a1Aqu\u00ed s\u00ed! Es el lugar ideal para disfrutar de la esencia <strong>XUQ<\/strong> con los m\u00e1s peques de la familia.<\/li>\n<\/ul>\n\t\t<\/div>\n\t<\/div>\n\t\n\t<div id=\"accordion-3752673678\" class=\"accordion-item\">\n\t\t<a id=\"accordion-3752673678-label\" class=\"accordion-title plain\" href=\"#accordion-item-\u00bfse-aceptan-mascotas?\" aria-expanded=\"false\" aria-controls=\"accordion-3752673678-content\" >\n\t\t\t<button class=\"toggle\" aria-label=\"Toggle\"><i class=\"icon-angle-down\"><\/i><\/button>\n\t\t\t<span>\u00bfSe aceptan mascotas?<\/span>\n\t\t<\/a>\n\t\t<div id=\"accordion-3752673678-content\" class=\"accordion-inner\" aria-labelledby=\"accordion-3752673678-label\" >\n\t\t\t\n<p>\u00a1S\u00ed, bajo ciertas condiciones!<\/p>\n<ul>\n<li><strong>D\u00f3nde:<\/strong> En <strong>XUQ LOMAS DE RUVIRA<\/strong> (solo en suites <strong>COVA, MAGARA y BAKO<\/strong>). En <strong>XUQ AL-AXARA<\/strong> y <strong>THE HAMLET<\/strong> (en todas las estancias).<\/li>\n<li><strong>Condiciones:<\/strong> Suplemento de <strong>20 \u20ac\/noche<\/strong>, m\u00e1ximo una mascota por estancia y peso m\u00e1ximo de <strong>20 kg<\/strong>.<\/li>\n<\/ul>\n\t\t<\/div>\n\t<\/div>\n\t\n\t<div id=\"accordion-512732824\" class=\"accordion-item\">\n\t\t<a id=\"accordion-512732824-label\" class=\"accordion-title plain\" href=\"#accordion-item-\u00bfcu\u00e1l-es-la-mejor-forma-de-hospedarnos-si-somos-varias-parejas?\" aria-expanded=\"false\" aria-controls=\"accordion-512732824-content\" >\n\t\t\t<button class=\"toggle\" aria-label=\"Toggle\"><i class=\"icon-angle-down\"><\/i><\/button>\n\t\t\t<span>\u00bfCu\u00e1l es la mejor forma de hospedarnos si somos varias parejas?<\/span>\n\t\t<\/a>\n\t\t<div id=\"accordion-512732824-content\" class=\"accordion-inner\" aria-labelledby=\"accordion-512732824-label\" >\n\t\t\t\n<ul>\n<li><strong>Opci\u00f3n Privacidad + Conexi\u00f3n:<\/strong> En <strong>Lomas de Ruvira<\/strong>, la combinaci\u00f3n <strong>OGBA + MAGARA<\/strong> comparte una gran terraza con piscina. En <strong>Al-Axara<\/strong>, <strong>ALMUDAMIR + EL HAMMAN<\/strong> est\u00e1n comunicadas por una terracita.<\/li>\n<li><strong>Opci\u00f3n Gran Grupo:<\/strong> <strong>THE HAMLET<\/strong> (hasta 8 personas).<\/li>\n<li><strong>Zonas Comunes:<\/strong> Si reserv\u00e1is suites separadas, recordad que nuestras zonas comunes (<strong>Landscape Club, Le Jardin Secret<\/strong>) son infinitas y perfectas para reuniros.<\/li>\n<\/ul>\n\t\t<\/div>\n\t<\/div>\n\t\n<p>&nbsp;<\/p>\n<h2><strong>El Toque Final<\/strong><\/h2>\n\t<div id=\"accordion-664762480\" class=\"accordion-item\">\n\t\t<a id=\"accordion-664762480-label\" class=\"accordion-title plain\" href=\"#accordion-item-\u00bfhay-alg\u00fan-hospedaje-mejor-que-los-vuestros?-strong\u2728\/strong\" aria-expanded=\"false\" aria-controls=\"accordion-664762480-content\" >\n\t\t\t<button class=\"toggle\" aria-label=\"Toggle\"><i class=\"icon-angle-down\"><\/i><\/button>\n\t\t\t<span>\u00bfHay alg\u00fan hospedaje mejor que los vuestros? <strong>\u2728<\/strong><\/span>\n\t\t<\/a>\n\t\t<div id=\"accordion-664762480-content\" class=\"accordion-inner\" aria-labelledby=\"accordion-664762480-label\" >\n\t\t\t\n<p>Lamentamos deciros que&#8230; <strong>humildemente, creemos tener los rincones m\u00e1s espectaculares de la geograf\u00eda espa\u00f1ola<\/strong>. <strong>XUQ<\/strong> no se compara, se vive. Una vez que descubres la magia de despertar aqu\u00ed, entender\u00e1s por qu\u00e9 no querr\u00e1s estar en ning\u00fan otro lugar. <strong>\u00a1Bienvenidos al refugio definitivo!<\/strong><\/p>\n\t\t<\/div>\n\t<\/div>\n\t\n<\/div>\n\t\t<\/div>\n\t\t\t\t\t<\/div>\n\n\t\n\n\t<div id=\"col-309574955\" class=\"col small-12 large-12\"  >\n\t\t\t\t<div class=\"col-inner\"  >\n\t\t\t\n\t\t\t\n<h3>Si tienes alguna duda m\u00e1s ponte en contacto con nosotros a trav\u00e9s de <strong><a href=\"mailto:dudas@xuq.es\">dudas@xuq.es<\/a> <\/strong>o en el 653755458 y estaremos encantados de resolv\u00e9rtela.<\/h3>\n<p style=\"text-align: center;\"><img loading=\"lazy\" decoding=\"async\" class=\"size-full wp-image-1821 aligncenter\" src=\"https:\/\/www.xuq.es\/grupo_de_alojamiento_turistico\/wp-content\/uploads\/2021\/02\/logo_xuq_150.png\" alt=\"\" width=\"100\" height=\"100\" \/><\/p>\n\t\t<\/div>\n\t\t\t\t\t<\/div>\n\n\t\n<\/div>\n","protected":false},"excerpt":{"rendered":"","protected":false},"author":1,"featured_media":0,"parent":0,"menu_order":0,"comment_status":"closed","ping_status":"closed","template":"page-blank.php","meta":{"footnotes":""},"class_list":["post-4446","page","type-page","status-publish","hentry"],"_links":{"self":[{"href":"https:\/\/www.xuq.es\/grupo_de_alojamiento_turistico\/wp-json\/wp\/v2\/pages\/4446","targetHints":{"allow":["GET"]}}],"collection":[{"href":"https:\/\/www.xuq.es\/grupo_de_alojamiento_turistico\/wp-json\/wp\/v2\/pages"}],"about":[{"href":"https:\/\/www.xuq.es\/grupo_de_alojamiento_turistico\/wp-json\/wp\/v2\/types\/page"}],"author":[{"embeddable":true,"href":"https:\/\/www.xuq.es\/grupo_de_alojamiento_turistico\/wp-json\/wp\/v2\/users\/1"}],"replies":[{"embeddable":true,"href":"https:\/\/www.xuq.es\/grupo_de_alojamiento_turistico\/wp-json\/wp\/v2\/comments?post=4446"}],"version-history":[{"count":3,"href":"https:\/\/www.xuq.es\/grupo_de_alojamiento_turistico\/wp-json\/wp\/v2\/pages\/4446\/revisions"}],"predecessor-version":[{"id":6308,"href":"https:\/\/www.xuq.es\/grupo_de_alojamiento_turistico\/wp-json\/wp\/v2\/pages\/4446\/revisions\/6308"}],"wp:attachment":[{"href":"https:\/\/www.xuq.es\/grupo_de_alojamiento_turistico\/wp-json\/wp\/v2\/media?parent=4446"}],"curies":[{"name":"wp","href":"https:\/\/api.w.org\/{rel}","templated":true}]}}